he remainder when 1235 is divided by 319.
278
What is the remainder when 4449 is divided by 316?
25
Calculate the remainder when 180128 is divided by 1801.
28
What is the remainder when 3078 is divided by 967?
177
Calculate the remainder when 248637 is divided by 124313.
11
Calculate the remainder when 2813 is divided by 920.
53
Calculate the remainder when 10150 is divided by 632.
38
Calculate the remainder when 30870 is divided by 424.
342
Calculate the remainder when 867 is divided by 181.
143
What is the remainder when 14170 is divided by 94?
70
What is the remainder when 583283 is divided by 51?
47
What is the remainder when 10294 is divided by 255?
94
What is the remainder when 12490582 is divided by 797?
795
What is the remainder when 2146 is divided by 207?
76
What is the remainder when 118355 is divided by 6962?
1
What is the remainder when 20972 is divided by 64?
44
What is the remainder when 78420 is divided by 115?
105
Calculate the remainder when 48135 is divided by 47.
7
What is the remainder when 144002 is divided by 242?
12
What is the remainder when 335714 is divided by 458?
0
Calculate the remainder when 129204 is divided by 145.
9
Calculate the remainder when 21024 is divided by 114.
48
What is the remainder when 3325 is divided by 164?
45
Calculate the remainder when 257268 is divided by 558.
30
What is the remainder when 683758 is divided by 130?
88
What is the remainder when 2366 is divided by 25?
16
Calculate the remainder when 3931624 is divided by 1322.
1318
What is the remainder when 27795 is divided by 3460?
115
What is the remainder when 8709 is divided by 2161?
65
What is the remainder when 91363 is divided by 9?
4
What is the remainder when 10786 is divided by 243?
94
Calculate the remainder when 11029 is divided by 44.
29
What is the remainder when 7753 is divided by 7741?
12
What is the remainder when 9404 is divided by 28?
24
Calculate the remainder when 1175025 is divided by 19.
8
Calculate the remainder when 990355 is divided by 19.
18
Calculate the remainder when 338847 is divided by 312.
15
Calculate the remainder when 2516 is divided by 436.
336
What is the remainder when 5388 is divided by 337?
333
What is the remainder when 6488 is divided by 1553?
276
Calculate the remainder when 64829 is divided by 32267.
295
Calculate the remainder when 16733 is divided by 838.
811
What is the remainder when 152444 is divided by 484?
468
What is the remainder when 5109 is divided by 19?
17
Calculate the remainder when 27221 is divided by 52.
25
What is the remainder when 77359 is divided by 11022?
205
Calculate the remainder when 3587 is divided by 520.
467
Calculate the remainder when 22328 is divided by 7.
5
Calculate the remainder when 1415 is divided by 348.
23
Calculate the remainder when 241610 is divided by 14.
12
Calculate the remainder when 39902 is divided by 321.
98
What is the remainder when 776068 is divided by 10631?
5
Calculate the remainder when 8102 is divided by 269.
32
Calculate the remainder when 1430 is divided by 275.
55
What is the remainder when 723070 is divided by 128?
126
Calculate the remainder when 56729 is divided by 97.
81
What is the remainder when 83561 is divided by 21?
2
Calculate the remainder when 10735507 is divided by 290.
287
Calculate the remainder when 738793 is divided by 369395.
3
What is the remainder when 83630 is divided by 16721?
25
Calculate the remainder when 324271 is divided by 104.
103
Calculate the remainder when 18168 is divided by 158.
156
What is the remainder when 24248 is divided by 94?
90
What is the remainder when 10033 is divided by 40?
33
What is the remainder when 177009 is divided by 11?
8
Calculate the remainder when 31913 is divided by 838.
69
What is the remainder when 480215 is divided by 264?
263
What is the remainder when 11437 is divided by 28?
13
Calculate the remainder when 22490 is divided by 1463.
545
What is the remainder when 246579 is divided by 191?
189
Calculate the remainder when 7751 is divided by 1523.
136
What is the remainder when 14683 is divided by 4768?
379
Calculate the remainder when 34724 is divided by 48.
20
Calculate the remainder when 5896 is divided by 98.
16
What is the remainder when 42414 is divided by 70?
64
What is the remainder when 137599 is divided by 50?
49
What is the remainder when 270247 is divided by 4430?
17
Calculate the remainder when 417769 is divided by 211.
200
What is the remainder when 83214 is divided by 78?
66
Calculate the remainder when 224820 is divided by 4588.
8
What is the remainder when 148032 is divided by 22?
16
Calculate the remainder when 5665 is divided by 162.
157
What is the remainder when 45128 is divided by 586?
6
Calculate the remainder when 10667 is divided by 42.
41
Calculate the remainder when 2368 is divided by 659.
391
Calculate the remainder when 19265 is divided by 507.
506
What is the remainder when 19021 is divided by 680?
661
Calculate the remainder when 352918 is divided by 408.
406
What is the remainder when 319235 is divided by 2157?
2156
What is the remainder when 323673 is divided by 107877?
42
Calculate the remainder when 162830 is divided by 472.
462
Calculate the remainder when 64724 is divided by 96.
20
Calculate the remainder when 34163 is divided by 36.
35
What is the remainder when 1881304 is divided by 6?
4
What is the remainder when 3054 is divided by 41?
20
What is the remainder when 1216 is divided by 307?
295
What is the remainder when 8206 is divided by 1421?
1101
Calculate the remainder when 8354 is divided by 1661.
49
Calculate the remainder when 16946 is divided by 5593.
167
Calculate the remainder when 27243 is divided by 262.
257
Calculate the remainder when 280697 is divided by 175.
172
Calculate the remainder when 2508 is divided by 331.
191
What is the remainder when 8144 is divided by 292?
260
Calculate the remainder when 19904 is divided by 946.
38
Calculate the remainder when 59699 is divided by 398.
397
Calculate the remainder when 924299 is divided by 7.
5
Calculate the remainder when 152558 is divided by 20.
18
Calculate the remainder when 979672 is divided by 263.
260
What is the remainder when 23314 is divided by 39?
31
Calculate the remainder when 3162513 is divided by 28.
25
Calculate the remainder when 1026 is divided by 56.
18
What is the remainder when 20697 is divided by 23?
20
What is the remainder when 38100 is divided by 39?
36
What is the remainder when 188382 is divided by 455?
12
Calculate the remainder when 3056 is divided by 1013.
17
Calculate the remainder when 59777 is divided by 318.
311
Calculate the remainder when 212102 is divided by 809.
144
What is the remainder when 1727 is divided by 339?
32
Calculate the remainder when 41010 is divided by 483.
438
Calculate the remainder when 109046 is divided by 8.
6
What is the remainder when 7717 is divided by 65?
47
Calculate the remainder when 62823 is divided by 74.
71
Calculate the remainder when 9405 is divided by 51.
21
Calculate the remainder when 65469 is divided by 341.
338
Calculate the remainder when 9437 is divided by 9370.
67
What is the remainder when 59098 is divided by 24?
10
What is the remainder when 2976 is divided by 1442?
92
Calculate the remainder when 6611 is divided by 1647.
23
What is the remainder when 3287 is divided by 308?
207
What is the remainder when 425032 is divided by 391?
15
Calculate the remainder when 644 is divided by 116.
64
Calculate the remainder when 91618 is divided by 15.
13
Calculate the remainder when 82678 is divided by 41296.
86
What is the remainder when 7562 is divided by 2517?
11
Calculate the remainder when 42902 is divided by 227.
226
What is the remainder when 7521 is divided by 116?
97
What is the remainder when 8188 is divided by 392?
348
Calculate the remainder when 5375 is divided by 14.
13
What is the remainder when 29310 is divided by 3232?
222
Calculate the remainder when 4218 is divided by 20.
18
What is the remainder when 4288 is divided by 635?
478
What is the remainder when 33679 is divided by 1772?
11
What is the remainder when 19958 is divided by 9971?
16
What is the remainder when 14458 is divided by 213?
187
What is the remainder when 16198 is divided by 15?
13
What is the remainder when 221361 is divided b